1 - (1 - 1).
-2
What is (-4 - 1) + 6 + 0 + -1?
0
Evaluate (-8 - (-1 + -11)) + 2.
6
What is the value of (-7 - (-3 + 5)) + 6?
-3
Calculate -8 + -11 + 13 + 4.
-2
Calculate (0 - -13) + -26 + 19 + -3.
3
What is the value of -1 + (2 + 5 + -4 - 4)?
-2
What is the value of (15 - 5) + -4 + -12?
-6
-4 + 0 + (7 - 9)
-6
(0 - (4 + -5)) + 3 + -2
2
What is the value of (9 + -4 - 5) + (0 - 7)?
-7
Evaluate -3 - (-3 + 3 + 3 + -11).
5
Evaluate -1 - ((-7 - -8) + 0).
-2
Evaluate 2 + (-4 - -5) + 1.
4
What is the value of -3 + (-1 - (0 - 7))?
3
Evaluate -6 - -2 - -4 - (-3 - 1).
4
What is the value of 5 - (12 + -4 - (0 + 6))?
3
(7 - (-5 + 11)) + (-1 - 1)
-1
What is the value of (1 - 0) + 2 - (-3 + 10)?
-4
Calculate 24 + (-10 - 4) + -12.
-2
Evaluate (0 + -8 - (-5 + -4)) + -8.
-7
0 + 0 + -10 + 7
-3
What is -4 + (1 - -1) - (-5 + 7)?
-4
Calculate 9 - (-6 - (0 + -7)).
8
What is the value of (-9 - (-1 - (-1 - -3))) + 3?
-3
What is the value of 8 - 2 - (4 - -1)?
1
What is the value of 0 - 4 - (-26 - -10 - -8)?
4
Calculate 4 + -2 + (3 - 3) + 2.
4
0 - (-12 + -3) - 8
7
What is the value of (7 - 4 - 1) + (0 - 1)?
1
Evaluate (2 - -1) + (1 + -2 - -1).
3
What is the value of (1 + -5 - -10) + -3?
3
Calculate (1 - (1 + 2 + -2)) + 3.
3
Evaluate (-2 - (0 + -2 + 2)) + 5.
3
What is (2 - -2) + 4 + (-4 - -1)?
5
What is 1 - (-3 + (-7 - -15) + -10)?
6
What is 0 - (-1 + -1) - (-208 + 205)?
5
-21 + 13 + -1 + -1
-10
14 + -10 - (0 + -1)
5
Evaluate 12 + -20 + 5 + 7.
4
3 - 8 - (-2 - -1 - 7)
3
What is -11 + (1 - (0 - 6))?
-4
Evaluate 11 + -8 - (3 + 0).
0
What is the value of 1 + 2 - (-11 + 18)?
-4
Evaluate 2 + -12 + 5 + 4.
-1
What is -2 + 11 - (-71 + 84)?
-4
(0 - (-6 - 0)) + -17 + 19
8
Calculate (3 + -3 - -1) + (4 - 1).
4
Calculate 1 + (-4 - 1 - 1) - -11.
6
What is the value of -12 - -24 - (1 + 8 + -4)?
7
Calculate 1 + (3 - (1 - 1)) + -1.
3
2 - (10 - 5) - -8
5
Evaluate -4 - 1 - (-5 - (3 - 6)).
-3
Calculate 5 + -2 + 5 + -1 + -1.
6
5 + (1 - (1 - -2)) + -5
-2
Evaluate (-5 - -7) + (-1 - -7).
8
-1 - -1 - ((7 - 2) + -7)
2
Evaluate -1 - -1 - -1 - (-53 + 52).
2
What is the value of (2 - 14) + (4 - -3)?
-5
-2 + 7 + 1 + (-10 - -6)
2
What is the value of -7 + 4 - (0 + -9 - -1)?
5
Evaluate 2 + (2 - 10) + 6.
0
What is the value of (2 - 4) + (37 - 29)?
6
What is the value of -9 + 3 + 11 - (0 + -1)?
6
What is the value of -4 + (-18 - -19) + 0 + 5?
2
Evaluate (-4 - -1) + (5 - (6 - 3)).
-1
9 - (-2 - (13 + -18))
6
(-1 - -5 - -1) + -6
-1
What is the value of (6 - 5) + -3 - -2?
0
Calculate -2 + 5 + 6 - (1 - -5).
3
What is the value of 10 - (3 + 0 - (-3 - -2))?
6
10 + -7 + 1 + -5
-1
Evaluate (-1 - (-11 + 6)) + (-1 - 0).
3
Calculate -4 + (6 - (-1 - -2)) + -1.
0
Calculate -2 + (0 - (-3 - (-4 - 0))).
-3
Evaluate 2 - (-2 - (4 + -4)).
4
What is the value of 5 + -2 + 0 + 14 + -18?
-1
Evaluate -1 + 0 + -1 + -3.
-5
Evaluate -7 + 1 + -1 - (295 - 293).
-9
What is the value of (-4 - (-2 - 1) - 0) + -2?
-3
What is the value of 1 + -1 + -1 + -2?
-3
Evaluate -4 + 4 + 5 + -9.
-4
Calculate (-1 - (-4 + 3)) + -6 + 2.
-4
What is -5 + (8 + 0 - 0)?
3
What is the value of -3 - 4 - (2 + (-2 - 2))?
-5
Calculate 1 + 3 + (-7 - 3 - -3).
-3
What is the value of 3 - (-1 - -2 - 0)?
2
What is (17 - 13) + (-2 - 0)?
2
What is the value of 0 - (-5 + (-5 - -5))?
5
Calculate 0 + 2 + 124 + -136.
-10
What is -2 - 6 - (22 + -23)?
-7
Calculate -3 + 0 + -2 + 5 + 5.
5
What is 0 - (3 + (-4 - -5) - 0)?
-4
3 - (14 + -4 - 4)
-3
Evaluate -5 - (-14 + 4) - 9.
-4
Evaluate -14 - (-11 + 10 + -8).
-5
What is the value of 0 + -5 + 10 - 8?
-3
What is the value of (-99 - -89) + 1 + 1?
-8
What is the value of 5 - (0 - (-6 + 2))?
1
-7 + -1 + 7 - (0 - 2)
1
What is the value of 4 - (5 + -3 - 0)?
2
Evaluate -3 + 4 + 5 + 1 + -13.
-6
Calculate 6 + -24 + (-9 - -20).
-7
What is -8 - (-1 - 1) - (-4 + 3)?
-5
What is -7 + -4 + 1 + 4 + -1?
-7
What is -132 + 121 - (0 + -2 - 3)?
-6
Evaluate 60 + -52 - (-1 - -5).
4
(-1 + 4 - 2) + 0
1
What is the value of 6 + -9 + 6 + -4?
-1
Evaluate -49 - -58 - (1 + (-1 - -7)).
2
3 - (-4 + 9 + -2 + -7)
7
What is 137 - 123 - (0 - -6)?
8
Calculate -3 + 4 + (-6 - -13 - 14).
-6
What is -4 + (-2 - (0 - (-1 + 4)))?
-3
-1 - (1 + 2 + 1 + -2)
-3
Evaluate 31 + -49 - ((2 - 0) + -10).
-10
What is 5 - ((1 - 3) + 11 - 6)?
2
Evaluate -8 + 10 + -1 + -4.
-3
-4 + (-2 - -1 - -4)
-1
What is the value of -6 + 1 - (3 - (23 - 14))?
1
(-8 - (-1 - -1)) + (17 - 13)
-4
Evaluate 85 + -86 - ((1 - 1) + 6).
-7
What is -3 + -5 + 6 + -2?
-4
Calculate -6 - (-11 - 3) - 4.
4
Calculate 1 - 3 - (-12 + 2 - -5).
3
What is -1 - (0 + -1) - (-19 - -23)?
-4
What is the value of -2 + -1 + (-4 - -1) + 6?
0
Evaluate 0 - (1 + -1 + -1).
1
What is the value of -8 - 1 - (-48 - -35)?
4
What is 1 + 3 - (-4 + 3 - -1)?
4
Calculate -2 - (1 - (4 - -2)).
3
What is the value of (-2 - 7) + 5 - -3?
-1
What is the value of 7 + 0 + 0 + 4 + -5?
6
What is the value of 6 + -7 + 0 + 1?
0
What is the value of 7 + (-3 - (-1 - -7))?
-2
What is the value of (-4 - 3 - -4) + -4?
-7
-2 - (12 - (4 + 0))
-10
Evaluate 7 - (4 - (1 - 1)).
3
What is the value of 12 + 5 + (-5 - 7)?
5
What is the value of 5 + (-15 - (1 - (3 - -1)))?
-7
What is the value of -1 + -5 + (11 - (-10 - -16))?
-1
What is 6 - 5 - (3 + -6)?
4
What is 0 + -2 - ((-16 - -32) + -18)?
0
What is (9 - (2 - 1)) + -5 - 7?
-4
What is the value of 3 - (3 + 1) - (-21 + 17)?
3
0 + (6 - (-7 - -10))
3
3 + 3 + (5 - -2 - 5)
8
What is the value of (6 - 1) + -4 - -2?
3
What is the value of -17 + 17 - (-3 + 2) - 1?
0
-2 + -1 + 5 + (-2 - -4)
4
Evaluate 1 + (4 - (2 - (2 + -3))).
2
Evaluate 100 - 101 - (1 + -1 + -5).
4
Calculate 5 - 7 - -2 - 4.
-4
What is the value of 54 + -49 - ((13 - 1) + -1)?
-6
Evaluate -1 + (-4 - 2) - 5 - -6.
-6
What is the value of -3 - (4 - ((-2 - -4) + 2))?
-3
What is the value of 0 + -6 + (-2 - 0 - -3)?
-5
(-14 - -34 - 5) + (1 - 8)
8
Evaluate -3 - (9 + -6) - -2.
-4
Evaluate 2 + -14 + 5 + 6.
-1
Evaluate -4 - (-6 - (-2 + 8 + -17)).
-9
(-1 - 2) + 8 - (-1 - -4)
2
(-7 - -12) + (0 - 3) + 0
2
What is the value of -2 + (-4 - (-3 + 1 + 1))?
-5
What is -2 - (15 - 21 - (1 - 2))?
3
What is 0 + 1 + 6 + -8?
-1
5 - 1 - 4 - 0 - -5
5
What is 4 + 0 + -2 + -3 + 0?
-1
What is -1 - (-10 + 8 + -4)?
5
((5 - 3) + -4 - 1) + 0
-3
Evaluate -3 - (-4 + (1 - -8) + -1).
-7
What is the value of 4 + 0 + 6 + -12?
-2
-1 - (9 + -9) - (-2 - -3)
-2
Evaluate -6 - (-14 + 3 + -2).
7
Calculate 1 + 6 + -7 + (5 - -1).
6
Calculate 0 + (6 - 1) + -14 + 1.
-8
What is 4 - ((0 - -3) + (3 - 5))?
3
-5 - (-4 + -7 + 2)
4
Calculate -5 + 9 - (2 - -2).
0
-11 - 6 - -11 - (-1 + 1)
-6
What is the value of 2 + 4 - ((0 - -1) + 0)?
5
Calculate -3 - ((4 - 10) + -5).
8
What is 0 + (4 - (-4 + 4) - 7)?
-3
What is the value of -3 + -6 + 2 + 12 + 3?
8
12 + -11 + -9 + 7
-1
What is -10 - (-9 - -1 - 6)?
4
Evaluate (-3 - (3 + -5)) + -1 + 0.
-2
Evaluate (-7 - 0 - (-5 - -2)) + 2.
-2
What is (-4 - 12) + 6 - -3?
-7
Evaluate 1 - (0 + 1) - (19 - 18).
-1
What is the value of -10 - (13 + -14) - -3?
-6
What is the value of 0 - (-5 + (-7 - -12))?
0
Evaluate 3 - ((-1 - 0) + -1).
5
What is -1 - ((-2 - (-1 + 2)) + 0)?
2
What is (-153 - -160) + (-5 - 0)?
2
What is 1 - (5 + (-4 - 5))?
5
What is -11 + (-1 - 0) - (-131 + 125)?
-6
What is the value of (18 - 23) + 12 + -1?
6
Calculate 0 + -16 + -4 + 13.
-7
Calculate (-1 - (-2 - -4)) + -2.
-5
Calculate -9 - -4 - (-2 + -6).
3
Evaluate 2 - -2 - 1 - (-5 + 6).
2
What is -7 - (12 - 16 - (7 - 1))?
3
Calculate 6 - (0 - -3) - (-4 + 8).
-1
What is the value of -11 + (-7 - -22) - (-2 + -1)?
7
What is 1 + 0 - -2 - 1?
2
Calculate 8 + 1 + (26 - 33).
2
What is the value of 7 + 10 + -3 + -4?
10
Evaluate 2 - 1 - (-3 + 4 + 4).
-4
(-6 + 4 - (-2 - -2)) + 3
1
(-7 - (-8 + 6)) + (6 - -1)
2
What is (3 - (3 - 2)) + -7?
-5
What is the value of (-2 - 8 - 1) + 4 - -3?
-4
Evaluate -4 - (3 - 9 - 5).
7
Evaluate -7 + (1 - -6) - (5 - 1).
-4
What is (0 - 7) + (-9 - -10) - -2?
-4
-2 - (-6 + 1 + 1)
2
Evaluate (-12 - -15) + 0 + 0 + -3.
0
What is -5 + 8 + -4 - (-6 + 2)?
3
(0 - -5) + 0 + 6 + -11
0
What is the value of -2 + 6 + -9 - (0 + -1)?
-4
Evaluate (-1 - -7 - 10) + (8 - -2).
6
5 - (10 + -6 + 4)
-3
What is -3 + 3 - (18 - 15)?
-3
What is (-7 - 4 - -13) + 6?
8
What is the value of (13 - 2) + (-1 - (-5 - -9))?
6
Evaluate -3 + -3 + (6 - (1 - 7)).
6
Calculate -2 + -2 + (-3 - -9) + -3.
-1
Calculate 2 + -2 - -5 - (-15 + 19).
1
What is